me factors of 64879530.
2, 3, 5, 2162651
What are the prime factors of 64468892?
2, 41, 393103
What are the prime factors of 155115299?
1931, 80329
List the prime factors of 32344025.
5, 7, 184823
What are the prime factors of 280563709?
19, 14766511
What are the prime factors of 758411173?
13, 58339321
What are the prime factors of 339507131?
339507131
List the prime factors of 168707715.
3, 5, 11, 71, 14401
What are the prime factors of 170456474?
2, 85228237
List the prime factors of 111347670.
2, 3, 5, 7, 530227
What are the prime factors of 65062372?
2, 83, 195971
List the prime factors of 5585775498.
2, 3, 103440287
List the prime factors of 17152547.
17152547
List the prime factors of 95034212.
2, 7, 13, 131, 1993
List the prime factors of 414086991.
3, 138028997
List the prime factors of 85165708.
2, 21291427
What are the prime factors of 104458589?
359, 290971
List the prime factors of 418253348.
2, 251, 619, 673
List the prime factors of 174446915.
5, 43, 107, 7583
List the prime factors of 106127496.
2, 3, 199, 823
List the prime factors of 127196890.
2, 5, 17, 748217
What are the prime factors of 109558027?
29, 41, 92143
What are the prime factors of 5304682096?
2, 7, 23, 2059271
List the prime factors of 3808336083.
3, 1231, 1031231
What are the prime factors of 674814682?
2, 79, 659, 6481
What are the prime factors of 332681258?
2, 7, 13, 181, 10099
What are the prime factors of 67020181?
191, 350891
What are the prime factors of 28917325?
5, 23, 50291
What are the prime factors of 16618702?
2, 443, 18757
What are the prime factors of 55759999?
37, 199, 7573
List the prime factors of 61661058.
2, 3, 10276843
List the prime factors of 2412407318.
2, 19219, 62761
What are the prime factors of 500290986?
2, 3, 13, 23, 37, 7537
What are the prime factors of 32025267?
3, 1186121
List the prime factors of 3451022648.
2, 233, 1851407
List the prime factors of 3078802046.
2, 103, 14945641
What are the prime factors of 1019750964?
2, 3, 89, 821, 1163
List the prime factors of 44977960.
2, 5, 1124449
List the prime factors of 76114970.
2, 5, 7611497
What are the prime factors of 7299579?
3, 7, 17, 23, 127
List the prime factors of 30950040.
2, 3, 5, 11, 23447
What are the prime factors of 84041286?
2, 3, 7, 61, 32803
What are the prime factors of 58377922?
2, 29188961
What are the prime factors of 1496859888?
2, 3, 3413, 9137
What are the prime factors of 768491133?
3, 97, 2640863
List the prime factors of 3509287221.
3, 11, 307, 346391
What are the prime factors of 1158770771?
2333, 496687
What are the prime factors of 130318007?
157, 830051
What are the prime factors of 60355769?
37, 523, 3119
List the prime factors of 1199816598.
2, 3, 19, 113, 93139
List the prime factors of 1565052694.
2, 73, 146843
List the prime factors of 135297009.
3, 163, 92227
List the prime factors of 15466676.
2, 41, 94309
What are the prime factors of 66270092?
2, 7, 2366789
What are the prime factors of 242455500?
2, 3, 5, 7, 43, 179
What are the prime factors of 498453403?
7, 109, 653281
List the prime factors of 582441264.
2, 3, 4044731
List the prime factors of 543994862.
2, 53, 787, 6521
What are the prime factors of 159760411?
233, 557, 1231
What are the prime factors of 206779776?
2, 3, 7, 43, 1789
List the prime factors of 68267535.
3, 5, 7, 293, 317
What are the prime factors of 3859622829?
3, 17, 2411, 10463
List the prime factors of 142029032.
2, 17753629
List the prime factors of 6602681.
17, 41, 9473
What are the prime factors of 157170447?
3, 7, 2494769
List the prime factors of 2438935.
5, 19, 25673
List the prime factors of 1458342.
2, 3, 81019
List the prime factors of 12190222.
2, 11, 127, 4363
What are the prime factors of 24183178?
2, 12091589
List the prime factors of 38627883.
3, 7, 613141
What are the prime factors of 42595804?
2, 97, 311, 353
What are the prime factors of 1106892483?
3, 1669, 221069
What are the prime factors of 3530514881?
23, 153500647
List the prime factors of 26891894.
2, 181, 74287
List the prime factors of 142892463.
3, 7, 17, 73, 5483
What are the prime factors of 3849759?
3, 427751
List the prime factors of 298765863.
3, 11, 3017837
What are the prime factors of 642570356?
2, 31, 1481, 3499
What are the prime factors of 201075614?
2, 23, 4371209
What are the prime factors of 329862949?
13, 25374073
What are the prime factors of 560500828?
2, 67, 2091421
What are the prime factors of 510618886?
2, 255309443
What are the prime factors of 260237472?
2, 3, 11, 281, 877
List the prime factors of 237055702.
2, 13, 9117527
What are the prime factors of 57621906?
2, 3, 47, 68111
List the prime factors of 6257570635.
5, 1251514127
What are the prime factors of 6749822?
2, 3374911
List the prime factors of 53469548.
2, 11, 397, 3061
List the prime factors of 1695708212.
2, 11, 23, 269, 6229
What are the prime factors of 7600541918?
2, 19, 1297, 154213
What are the prime factors of 18826264?
2, 19, 211, 587
List the prime factors of 25487352.
2, 3, 11, 17, 631
What are the prime factors of 158053020?
2, 3, 5, 19, 7297
What are the prime factors of 1457388314?
2, 47, 15504131
What are the prime factors of 40702093?
131, 157, 1979
What are the prime factors of 45491750?
2, 5, 181967
List the prime factors of 69111269.
69111269
List the prime factors of 28741712.
2, 31, 57947
What are the prime factors of 43763447?
7, 13, 181, 2657
List the prime factors of 599743880.
2, 5, 14993597
What are the prime factors of 633944624?
2, 41, 966379
What are the prime factors of 107629456?
2, 11, 611531
List the prime factors of 5902085660.
2, 5, 23, 31, 151, 2741
What are the prime factors of 61695210?
2, 3, 5, 17, 137, 883
What are the prime factors of 87021644?
2, 21755411
What are the prime factors of 1005825054?
2, 3, 13, 12895193
List the prime factors of 5639095155.
3, 5, 375939677
What are the prime factors of 188380171?
7, 1297, 20749
List the prime factors of 1296491225.
5, 139, 373091
What are the prime factors of 2135174281?
37, 199, 289987
What are the prime factors of 1065166788?
2, 3, 7, 12680557
List the prime factors of 143037073.
19, 97, 77611
List the prime factors of 80039160.
2, 3, 5, 223, 997
What are the prime factors of 1898748208?
2, 7, 16953109
What are the prime factors of 499567268?
2, 23, 5430079
What are the prime factors of 23345683?
23345683
What are the prime factors of 52090775?
5, 11, 189421
List the prime factors of 65790065.
5, 11, 19, 157, 401
What are the prime factors of 37158976?
2, 29, 20021
List the prime factors of 608472632.
2, 1013, 75083
List the prime factors of 678376304.
2, 19, 2231501
What are the prime factors of 3836125415?
5, 767225083
List the prime factors of 161269584.
2, 3, 7, 68567
List the prime factors of 1833958498.
2, 23, 197, 439, 461
List the prime factors of 989329170.
2, 3, 5, 32977639
What are the prime factors of 165414154?
2, 89, 929293
List the prime factors of 47284043.
137, 345139
What are the prime factors of 5647744538?
2, 197, 14334377
What are the prime factors of 953566074?
2, 3, 17, 271, 3833
List the prime factors of 832566455.
5, 7, 67, 355039
What are the prime factors of 62576814?
2, 3, 10429469
What are the prime factors of 2057177433?
3, 373, 1838407
What are the prime factors of 72559076?
2, 18139769
What are the prime factors of 43353476?
2, 2027, 5347
What are the prime factors of 263911679?
7237, 36467
List the prime factors of 5599116000.
2, 3, 5, 43, 3617
List the prime factors of 1168009763.
41, 1931, 14753
List the prime factors of 66068199.
3, 37, 199, 997
List the prime factors of 7856709406.
2, 7, 13, 29, 1488577
List the prime factors of 101042163.
3, 41, 273827
What are the prime factors of 103814573?
4057, 25589
What are the prime factors of 228744920?
2, 5, 5718623
What are the prime factors of 2360021615?
5, 7, 3719, 18131
List the prime factors of 355542105.
3, 5, 2879, 8233
List the prime factors of 51510245.
5, 59, 283, 617
List the prime factors of 1203678557.
17, 19, 3726559
What are the prime factors of 873828565?
5, 83, 2105611
List the prime factors of 955648895.
5, 191129779
List the prime factors of 58348600.
2, 5, 291743
List the prime factors of 753077188.
2, 188269297
List the prime factors of 1459411278.
2, 3, 13, 18710